54*v. Calculate the highest common factor of v and 49.
49
Let u be 138/(-8)*(-580704)/414. Calculate the highest common divisor of u and 92.
92
Let x(t) = 6*t**2 - 8. Let f be 96/(-52) + (-4)/26. Let h be x(f). What is the greatest common divisor of h and 1?
1
Suppose 0 = -12*m - 4*m + 34496. Suppose -1876 = -28*a + m. What is the highest common divisor of a and 9?
9
Suppose -5*s = -3*i + 1160, -1958 = -38*i + 33*i - 4*s. What is the greatest common divisor of 312 and i?
78
Let d = -788 - -256. Let f = 575 + d. What is the highest common factor of f and 387?
43
Let u(c) = c**3 + 180*c**2 - 430*c - 4321. Let b be u(-181). What is the greatest common factor of b and 244?
244
Let g(f) = 13*f**2 + 36*f - 9. Let l be g(16). Suppose -5*a + 3925 = 6*t - t, 5*a - t - l = 0. Calculate the greatest common divisor of a and 65.
65
Suppose -5*r = -3*d - d + 32363, -r + 8093 = d. Calculate the greatest common divisor of 56 and d.
28
Let i be ((-81)/(-54))/(15/44060) - (1 - -5). What is the highest common factor of 352 and i?
176
Suppose 3*s = -2*n + 73, -61*s + 58*s + 5*n = -38. Suppose -63 = 3*a - 84. Calculate the highest common divisor of a and s.
7
Let l(w) = 16*w + 156. Let t(f) = f**2 + 4*f - 140. Let a be t(-14). Let k be l(a). Calculate the highest common divisor of k and 12.
12
Let u(n) = n**3 + 33*n**2 - 59*n - 464. Let q be u(-12). What is the highest common factor of q and 684?
76
Suppose j + 18 - 166 = 5*z, -j = -3*z - 158. Let u = 211 - j. Calculate the highest common divisor of 209 and u.
19
Let f be (13 + -12 + 73)*1. Calculate the highest common divisor of f and 8843.
37
Let y be 60/165*(4 - 798/(-4)). Calculate the highest common divisor of y and 1517.
37
Let k be 1/(-6) - 39*(-130)/180. Let p(o) = -3*o + 100. Let f be p(k). Suppose 5*v - 160 = -0*v. Calculate the highest common divisor of f and v.
16
Let a be -1*(-7)/((-42)/(-30)). Let z(x) = -x**2 + 11*x. Let t be z(a). What is the greatest common factor of 170 and t?
10
Let q(v) = v**2 + 29*v + 58. Let o be q(-27). Suppose -o*f = 5*f - 918. Calculate the greatest common factor of f and 255.
51
Suppose -5*y - 24 = -1639. Suppose 3*k = -3*u + 309, -2*k + 177 = 5*u - y. Calculate the highest common divisor of u and 42.
14
Let f = 1086 + 438. Calculate the highest common divisor of f and 12.
12
Suppose 0 = 4*p + 3*k - 46, 5*k + 8 = k. Let r(c) = -57*c + 559. Let x be r(0). What is the greatest common factor of p and x?
13
Suppose 38 = r + 2. Let h(t) = 2*t**2 + t + 1. Let q be -3 + ((-42)/(-7) - 2). Let f be h(q). What is the highest common divisor of f and r?
4
Let o(g) = 6*g**2 - 4*g - 1. Let y be o(-2). Let j = 192 + -161. Calculate the highest common factor of j and y.
31
Let h be (-1 + 3)/((-22)/(-33)). Suppose -7*g = h*g - 1840. Calculate the highest common factor of 8 and g.
8
Let g = 3218 - 2554. Calculate the greatest common factor of g and 648.
8
Suppose 69*m - 26*m = 5332. Let g(y) = -7 + 3 + 9*y**2 + y**3 + 2*y + 7*y. Let r be g(-7). Calculate the highest common divisor of r and m.
31
Suppose -1428*j = -714*j - 686*j - 1317960. What is the highest common factor of 30 and j?
30
Suppose -18*w - 42*w = -7*w - 636. What is the greatest common divisor of 2418 and w?
6
Suppose -q = 5*k - 5145, 1730*q - 1729*q - 5*k = 5185. What is the highest common divisor of 10 and q?
5
Suppose -3351*j = -3360*j + 576. Calculate the highest common divisor of 7328 and j.
32
Suppose 0 = 2*z + 10, 4*a + 4*z - 72 = 76. Let m = 54 - a. What is the greatest common factor of 42 and m?
6
Let o(c) = 834*c - 6648. Let g be o(8). What is the greatest common divisor of g and 64152?
24
Let c be (-33 + 0/1)*(-192)/288. Calculate the greatest common divisor of 374 and c.
22
Let u be (2/((-26)/(-559)))/(((-1)/(-102))/1). Calculate the greatest common factor of 918 and u.
102
Suppose a = 2*a. Suppose -3*n - 52 + 178 = a. Suppose 171*d = 162*d + 54. What is the greatest common divisor of d and n?
6
Suppose -38*o - 20*o - 2*o + 13440 = 0. Calculate the greatest common divisor of o and 160.
32
Suppose 2*t = 4*s - 20, -5*s = -2*s - 2*t - 16. Suppose 0 = -5*q - s*d + 3*d + 505, 4*d = 0. Let u = q - 17. Calculate the highest common divisor of 28 and u.
28
Suppose -14*t + 2760 = 6*t. Calculate the highest common factor of 3 and t.
3
Let h(z) = -z**2 + 5*z + 15. Suppose -284 + 14 = -3*f. Suppose -11*n - 4*n = -f. Let w be h(n). Calculate the greatest common factor of 36 and w.
9
Suppose -5*i - 41 = o - 2*o, 2*o - 22 = -5*i. Suppose 11*t = 14*t - o. Let s = -118 - -209. What is the highest common divisor of t and s?
7
Let b(l) = -l**2 - 43*l + 390. Suppose -37*t = -45*t. Let s be b(t). Calculate the greatest common factor of 60 and s.
30
Let k be 23 + (-4)/2 + 0. Let f = 20 + -76. Let b be (5*(-3)/(-60))/((-2)/f). Calculate the highest common factor of k and b.
7
Suppose 29*u - 26*u = i + 463, 2*u = -3*i + 294. Calculate the highest common factor of 476 and u.
17
Let v be (12 - 13)*(-2)/(-2)*1. Let j be ((-62)/(-217))/((2/(-70))/v). Calculate the highest common divisor of 170 and j.
10
Let c(q) = -q**3 + 22*q**2 - 60*q + 30. Let p be c(14). Let i = 956 - p. Calculate the highest common factor of i and 11.
11
Let j(b) = 10*b + 58. Let s = 36 - 43. Let m be j(s). Let d be 159 + m/(-3) + -2. What is the greatest common divisor of 7 and d?
7
Let z(v) = v**2 + 110*v + 2607. Let u be z(-30). What is the greatest common factor of u and 598?
23
Suppose 3*a + d - 844 = 329, -4*d = -9*a + 3498. What is the highest common factor of 598 and a?
26
Let a = -9377 - -17116. Calculate the highest common divisor of a and 545.
109
Let p = -551778 + 551788. Let f(a) = 79*a + 3. Let h be f(3). What is the greatest common divisor of h and p?
10
Let y(p) = 71*p + 20. Let t be y(-4). Let l be 18/(1 + 2) - t. What is the greatest common divisor of l and 30?
30
Let n(i) = 2*i**3 + 102*i**2 - 20*i - 73. Let d be n(-43). What is the highest common divisor of 242 and d?
121
Let a(b) = 9*b**2 - 906*b - 54. Let n be a(102). Calculate the greatest common factor of 39 and n.
39
Let l be 99/3 + -146 + 144. Suppose 0 = -4*w + 3*w - 3*k + 49, -4*k + 51 = w. Suppose -w = -m - l. What is the greatest common divisor of 4 and m?
4
Let c = -91 + 32. Let m = c + 91. Let u = -122 - -124. Calculate the greatest common factor of u and m.
2
Suppose -27*z + 33*z = -72. Let f be (-4)/(-8)*(0 + 2) - z. What is the greatest common factor of 169 and f?
13
Let c be (-1)/(90/(-108)*2/5). Suppose 0 = c*a + 128 - 338. Suppose 3*m + p = 105, -6*p - 105 = -3*m - p. What is the highest common factor of m and a?
35
Suppose 2*u - 3*u + 139 = -3*x, 4*u + 5*x = 522. Let r be 1998/9 - 2/2. Let a = r - u. What is the highest common divisor of a and 22?
22
Let r = 1229 + -1208. Let a be 6/((-4)/2) - -9. What is the greatest common divisor of a and r?
3
Let z(i) = 2*i**2 - 4*i + 10. Let v be z(7). Suppose -11*y + 13*y + v = 0. Let n be 3/((3/(-7))/(y/14)). Calculate the greatest common factor of n and 8.
4
Let r = -6446 - -6450. Calculate the greatest common divisor of 508 and r.
4
Let o(x) = x**3 - 17*x**2 - 7*x + 30. Suppose j + w = 2 + 13, j = 3*w + 27. Let r be o(j). Calculate the greatest common divisor of r and 4.
4
Let y(r) = 8*r - 44. Let p be y(6). Suppose -4 - 272 = -a + p*k, 0 = -5*k - 5. What is the greatest common divisor of 17 and a?
17
Let t(p) = -p**2 - 93*p + 170. Let z be t(-59). What is the highest common divisor of z and 119?
17
Suppose 127*t + 3*c = 125*t + 245, 5*c = 4*t - 545. Calculate the greatest common divisor of t and 3445.
65
Let x(y) = 0 + 0*y + 1 + 79*y**2 - 92*y**2 + 2*y. Let m be x(-2). Let l = 10 - m. What is the greatest common factor of 13 and l?
13
Let q(m) = 11*m + 4. Let n be q(2). Suppose -a + 9 = -4*a, 3*h = 2*a - 3. Let p be 2*((-390)/4)/h. Calculate the highest common factor of p and n.
13
Let k be (15/10)/(4/(-8)). Let q be (-134)/(-12) + -3 + k/18. Let a = -13 - -117. Calculate the highest common factor of q and a.
8
Suppose r + 2*i + 331 = -2*i, 2*r + 650 = -5*i. Let p = r - -333. What is the highest common divisor of p and 450?
18
Let v be 66/(-44)*-1 - ((-81)/6 + -2). What is the highest common factor of v and 3791?
17
Let z = -40 - -130. Suppose -z = -3*x - 15. Suppose 3*n = 2*t + 377, 3*n - 7*t + 243 = 5*n. Calculate the greatest commo